 k = 2*j + 72, 0 = -2*n + 2*j + 434. What is the hundreds digit of n?
2
Suppose -3*v + 5066 = 2*h, 3*v = 6*v + 4*h - 5068. What is the thousands digit of v?
1
Suppose 769 = 2*y + 2*y + h, 553 = 3*y - 4*h. Suppose -2*c = 3*d + 3*c - 127, 0 = 5*d - 2*c - y. What is the units digit of (-1 - -4)*403/d?
1
Suppose 2*g + 5*j - 3 = -5, -3*j = 4*g - 10. What is the units digit of ((-5)/(-10))/(1/g)?
2
Suppose -9 = 2*y - 4*t + 3, -3*t = 5*y + 4. What is the tens digit of y/6 - (-2233)/21?
0
Let r be (-3)/(((-28)/12)/(-7)). Let l(o) = o + 4. Let j be l(r). Let d(t) = -4*t - 3. What is the tens digit of d(j)?
1
Let p = 487 - 375. What is the tens digit of p?
1
Let c(j) = 31*j + 121. What is the units digit of c(-3)?
8
What is the hundreds digit of 1357 - (-35 + 43 + (-1 - 3))?
3
Suppose 0 = 5*c + 2*a - 1811, -2 = 50*a - 49*a. What is the units digit of c?
3
Let h(x) = -12*x - 2*x - 17 - 5*x + 2*x. What is the units digit of h(-5)?
8
Let k = -3 - -64. Let v = k - -9. Suppose -u + v = u. What is the units digit of u?
5
Let n = -5 - -156. Let p = 441 - n. What is the tens digit of p?
9
Let b = -130 + 231. What is the hundreds digit of b?
1
Let v(n) = n + 4. Let m(w) = -w - 3. Let g be m(-3). Let f be v(g). Suppose f*i - 97 = 39. What is the units digit of i?
4
Let b be ((-81)/6)/((-1)/(-2)). Let p = b + 27. Suppose -5*c + p*v + v = -191, 1 = -v. What is the tens digit of c?
3
Suppose 4*l - 8*l + 200 = -2*s, 4*l + 224 = -2*s. Let q = -75 - s. Suppose -5*v = -q - 54. What is the units digit of v?
7
Suppose 0 = -5*h - 2*z + 5*z + 544, 0 = -h + 2*z + 113. Suppose 2*l - h = 9. What is the units digit of l?
8
Let u be (21/2)/((-402)/(-80) + -5). Suppose 6*q - q = u. What is the tens digit of q?
8
Let o = 30 - 20. What is the units digit of o?
0
Let a = 706 - 371. What is the tens digit of a?
3
Let o be (2 - 1)/(12/36). Let i = 70 - o. What is the tens digit of i?
6
Let x(z) = -7*z**3 - 2*z**2 + 1. Suppose -2*l = -11 + 13. What is the units digit of x(l)?
6
Let z = 188 - -48. What is the units digit of z?
6
What is the units digit of 5/(-2)*((-159)/5 - 3)?
7
Let k(n) = -n**2 + 5*n + 4. Let p be 9/2*2*1. Let g be k(p). Let z = g - -56. What is the tens digit of z?
2
Let w(o) = 22*o**2 - 7*o + 35. What is the units digit of w(5)?
0
Suppose -24*o + 43*o = 2679. What is the units digit of o?
1
Suppose -8846 - 9279 = -5*c + 5*s, -s - 14515 = -4*c. What is the thousands digit of c?
3
Let t = -806 + 1870. What is the units digit of t?
4
Let q(m) = -m**2 + 5*m + 8. Let n be q(6). Let g(i) = 4 + 12*i + i**2 + i**n + 0*i**2 - 3*i**2. What is the tens digit of g(11)?
1
Let r = 6 + -3. Suppose 1 = -2*f - 5*g, r*f + 2*g = f - 4. Let w(t) = -2*t + 2. What is the units digit of w(f)?
8
Suppose -4*k - 4*b = -80, -k + 0*k + 36 = 5*b. Let c = 26 - 32. Let f = c + k. What is the units digit of f?
0
Suppose -6*a = 858 - 4008. What is the hundreds digit of a?
5
Let w(d) = 22*d + 128. What is the tens digit of w(5)?
3
Let l(y) = 5*y - 7. Let i be 212/44 - (-4)/22. Let s be l(i). What is the units digit of s*(-2)/(-3) + -4?
8
What is the tens digit of (-6 - 80/(-15))*14286/(-4)?
8
Let x(b) = 30*b**3 + b**2 - 1. Let y be x(-1). Let s = 63 + y. What is the tens digit of s?
3
Let r(z) = z + 3. Suppose -t + 2 - 3 = 3*u, -17 = 4*t - u. Let m(l) = -2*l - 6. Let h(j) = t*m(j) - 9*r(j). What is the units digit of h(-8)?
5
Suppose -q + 5 = 0, -2906 + 316 = -5*a - 2*q. What is the units digit of a?
6
Let u(f) = -f**2 - 6*f + 9. Let m be u(-7). Suppose -8 = 4*l - 6*l. Suppose -m*j + 25 = l*t - t, 0 = -5*j + 3*t + 94. What is the units digit of j?
7
Suppose 0 = 52*v - 50*v - 16. What is the units digit of 3/(-36)*3 + 1178/v?
7
Let c(p) = 7*p**3 + 16*p**2 - 3*p**3 - 1 + 2*p - 18*p**2. Let k be c(1). What is the tens digit of (-490)/(-21) + 2/k?
2
Let n = -1435 + 2469. What is the tens digit of n?
3
Let r be 11/(-4) - (-4)/(-16). What is the tens digit of -4 + 5 + r - -76?
7
Let x = -225 - -470. Suppose 17*t = 12*t + x. What is the tens digit of t?
4
What is the units digit of (-2)/(-10)*1 - 214184/(-205)?
5
Let s = -33 + 35. Let b be 1094/(-7) + s/7. Let c = -96 - b. What is the units digit of c?
0
Let n(j) = -49*j - 306. What is the units digit of n(-11)?
3
Suppose 2*c - 4*p = -2*p - 34, 61 = -3*c + 5*p. Let y be (-4)/32*2*c. Suppose 100 - 10 = y*x. What is the tens digit of x?
3
Let z = -59 - -66. Suppose 14*o = z*o + 1435. What is the hundreds digit of o?
2
Let z = -7 - -10. Suppose -4*p + z*p = -2. Suppose -35 = -p*j + 11. What is the units digit of j?
3
Let h = 20 - 19. Suppose -2*l - l = 150. What is the units digit of (h + 1)/((-10)/l)?
0
Suppose 5*r - 28 = -2*y, -7*r + 4*r + 16 = y. Let n be (-1)/1*(-54)/1. Suppose n = r*m - 14. What is the units digit of m?
7
Suppose -4*r = r - 2*d - 14, -3*r + 5*d - 3 = 0. Suppose 0 = r*g - 8*g + 1384. What is the hundreds digit of g?
3
Suppose 3*c + 2*w - 12 = 0, -3 - 1 = -5*c + 2*w. Let h = -115 + 220. Suppose c*n = -n + h. What is the tens digit of n?
3
What is the hundreds digit of (-4106)/(-7) + (-159)/21 + 7?
5
Let m = -44 - -47. Suppose -m*j + 7*j + k - 269 = 0, 5*j = -4*k + 328. What is the tens digit of j?
6
Let w(a) = -56*a - 13. Let b be w(-3). Let s = 234 - b. What is the tens digit of s?
7
Suppose 17 = 3*m + 4*b - 0*b, -5*b = -4*m + 2. Let y(q) = q**3 - 3*q**2 + 3*q - 2. What is the units digit of y(m)?
7
What is the hundreds digit of 384/(-12)*2*-8?
5
What is the units digit of (114/(-15))/(5/(-4150))?
8
Suppose 3*w - 1 + 13 = 0. Let d be (w/(-14))/(3/21). Suppose -12 = -2*l + d*m + 2*m, -l + 3*m + 1 = 0. What is the tens digit of l?
1
Let x be (3/(-2))/(4/88). Let v = x - -87. What is the units digit of v?
4
Suppose -3*t + 2*t = 120. What is the tens digit of (-4 - 13/(-4))*t?
9
Suppose -5*l = -2*r - 18, 7*l - 2*l = -4*r - 66. Let j be 1740/14 + 4/r. Suppose -5*b + j = -b. What is the units digit of b?
1
Suppose -2*k + 25904 = 6728. Let c be k/72 - (-1)/(-6). Suppose 16 = 4*v, -38 = -5*i + v + c. What is the tens digit of i?
3
Let n(x) = -4*x + 11. Let y be n(9). Let i = -105 - -77. Let c = y - i. What is the units digit of c?
3
Let q(n) = -n**2 - 37*n + 2007. What is the thousands digit of q(0)?
2
Let j(r) = r**3 + 16*r**2 - 6*r + 2. What is the hundreds digit of j(-8)?
5
Suppose 34*q - 1555 = 29*q. What is the hundreds digit of q?
3
Suppose 5*l + 0*l + 5*f - 20 = 0, 0 = -l - 2*f + 4. Suppose 3*h - 3 = s + 160, -h = l*s - 50. What is the units digit of h?
4
Let w be 15/(-6) + 2/4. Let k be (-6)/w - (-2 - 35). Suppose 6*l + k = 8*l. What is the units digit of l?
0
Let b(r) = r**3 - 12*r**2 - r + 11. What is the tens digit of b(14)?
8
Suppose 2*x = -u + 5843, -2*x + 5*u - 8761 = -5*x. What is the units digit of x?
2
Let q = 60 - -27. Suppose 2*p + 70 = 4*x, 2*x - q = -3*x + 3*p. Let l = -11 + x. What is the units digit of l?
7
Suppose -6*y = -272 - 262. What is the tens digit of y?
8
Let m(j) = -2*j**3 + 24*j**2 - 10*j + 30. What is the units digit of m(10)?
0
Let i(n) = n**2 - 2*n + 6. Let w = 8 - 16. What is the units digit of i(w)?
6
What is the units digit of (919 - 2) + 4 - 7?
4
Suppose -3*c + 5 = -2*i, 3*i - 5*i = 3*c - 13. Suppose 3*k = f - 49, -3*k + 86 = 2*f - c. What is the units digit of f?
6
Suppose -113*i + 33775 = -88*i. What is the tens digit of i?
5
Let p(z) = z**3 + z**2 - z - 6. Let j be (-54)/(-18)*(-1 - -2). What is the tens digit of p(j)?
2
Suppose -2*a - 15 = -5*a. Suppose 0 = 2*v + 2*i - 20, a*v + 0*i = 4*i + 68. What is the units digit of 270/v - 1/2?
2
Let q(l) = -l + 10. Let f be q(7). Suppose f*u + 3 = 6*u. What is the units digit of 51 - 1/(-2 + u)?
2
Suppose -2*y + 2*c - 14 + 60 = 0, 4*y - 82 = -c. Suppose 2*h - 20 = -3*w + 5*w, 0 = -2*h + w + y. Let b = h - -5. What is the tens digit of b?
1
Let s(b) = 26*b + 105. What is the hundreds digit of s(13)?
4
Suppose -60 = -4*p - 5*z, 5*p + 4*z = 2*p + 46. Suppose p = 8*u - 3*u. Suppose u*q = 5*k + 124, 3*q + 5*k - 188 = -q. What is the tens digit of q?
5
Let a(h) = h**3 - 2*h**2 + h - 9. Let r(n) = -n + 13. Let y be r(9). What is the units digit of a(y)?
7
Let x = 7526 + -2491. What is the thousands digit of x?
5
Suppose 4*z - 61 = -5*k + 70, 4*k + 2*z = 106. Suppose -q + k = -23. What is the units digit of q?
0
Suppose -n + 2 = -0. Suppose 5*a + 0*a = 5*r + 515, -